i) = -1767*i - 54. What is the thousands digit of r(-2)?
3
Let u(s) = -s**3 + 16*s**2 - 16*s + 23. Let t be u(15). Suppose -2706 = -5*o - 7*v + t*v, 5*o = 3*v + 2708. What is the tens digit of o?
4
Let l = -183 + 193. What is the units digit of (-15*l/15)/(6/(-15))?
5
Let s(v) be the second derivative of -v**4/12 + v**3 - 3*v**2/2 - 27*v. Let q be s(4). Suppose 2*a - 52 = -u + 1, 0 = q*u - 25. What is the tens digit of a?
2
Let l be (-14)/49 - 144/(-14). Suppose 4*r + 2*n = -l, -6*r - 25 = -2*r - 3*n. What is the units digit of (90/r + 4)*-2?
7
Suppose 0 = 17*b - 127603 - 50173 + 43102. What is the thousands digit of b?
7
What is the units digit of (413/35 + -13)/((-3)/4845)?
8
Suppose -4*k = -2*j + 25 + 3963, 5*k = 5*j - 9935. What is the tens digit of j?
8
Suppose -4830 = -0*l - 15*l. Let m = l - 195. What is the tens digit of m?
2
Let b be 4/5 + 2 + 96/(-20). Let s be (1 + -2)/(b/6). Let y(v) = -v**3 + 6*v**2 + 3*v + 2. What is the units digit of y(s)?
8
Let g = -435 - -432. What is the hundreds digit of 6 + 1719 + g + -1?
7
Let r = 89 + 36. Suppose 474 = -5*m - 4*g + 3*g, 0 = -3*m - 3*g - 282. Let j = m + r. What is the tens digit of j?
3
Suppose 3*q - 142 - 228 = 2*r, 4*r + 500 = 4*q. What is the tens digit of (q + 1)/((-5)/(-10))?
4
Let p be ((-330)/12 - 8)*-20. Suppose -l + 6*l - p = 0. What is the units digit of l?
2
Suppose 0 = 2*v - 6, 4*b + 2*v = 2*b + 308. Let u = b + 106. What is the tens digit of u?
5
What is the tens digit of ((-42)/(-49))/((3 - 6)/(-25557))?
0
Suppose -3*n = -59 + 71. Let r be 3 - (n - (-7 - (-2 + -1))). Suppose r*b = -136 + 388. What is the tens digit of b?
8
Suppose 4*z = 4*l + 18924, 2*l - 6*l - 23655 = -5*z. Suppose z + 3129 = 12*x. What is the hundreds digit of x?
6
What is the tens digit of (-172)/1032 + 26419/6?
0
What is the units digit of (-8*54/(-504))/((-2)/(-75544))?
6
Suppose -57*g + 484713 = -178026. Suppose 0 = 7*x + 1372 - g. What is the tens digit of x?
6
Suppose -10*s - 3*p = -13*s + 7914, 3*p = -2*s + 5276. Suppose -10577 = -15*y + s. What is the tens digit of y?
8
Suppose -37*y = 22*y - 154462. What is the units digit of y?
8
Let h be -1*(4 + -6 - (1 - 5)). Let j be (-1 - h)*-1*(-2 + 0). What is the units digit of 10*-35*j/(-4)?
5
Let w(j) = 3374*j + 32. What is the thousands digit of w(2)?
6
Let i be (-1421)/145 + (-1)/5. Let h = i - -102. What is the tens digit of h?
9
Suppose 545*g - 137*g = -451*g + 69386584. What is the tens digit of g?
7
Suppose 0*n + 3*n - 5*z - 38 = 0, -5*n + 4*z = -59. Suppose -n*w = -9*w - 752. What is the tens digit of w?
7
What is the tens digit of 212587848/5148 - (-3)/(-13)?
9
Suppose 40*t + 306446 = 89*t. What is the tens digit of t?
5
Let w(l) be the first derivative of l**4/4 + 4*l**3/3 + 7*l**2/2 - 19*l + 15. What is the hundreds digit of w(5)?
2
Suppose 0 = -3*j + 4*m + 8032, -87*j + 82*j + m + 13398 = 0. What is the tens digit of j?
8
What is the tens digit of (79992/(-15))/(66/(-1760)*8)?
7
Let t = 21 - 27. Let k be 2/(t/(-69)) + 2. Suppose -5*n = k - 355. What is the units digit of n?
6
Let g(a) = a**3 + 83*a**2 + 10*a - 324. What is the hundreds digit of g(-82)?
5
Let p(a) = -a**3 - 5*a**2 - 11*a - 7. Let q be p(-8). Let t = q - 89. Suppose -4*x + t = -44. What is the tens digit of x?
5
Let n = 15 - 11. Suppose -5*h = -2*h, 0 = -u - n*h - 4. Let f(z) = -3*z**3 + z**2 + 6*z + 6. What is the hundreds digit of f(u)?
1
Suppose -10*i + 21*i - 154 = 0. Suppose -i*c + 9284 - 408 = 0. What is the tens digit of c?
3
Suppose -3 - 13 = -2*r. Suppose 0 = -4*y - 36 + r. Let m(j) = -12*j - 1. What is the units digit of m(y)?
3
Suppose -139*t + 108*t + 317657 = 0. What is the units digit of t?
7
Let s = 489 - 485. Suppose 6*w + 2*j = w + 5969, 4764 = 4*w - s*j. What is the hundreds digit of w?
1
Let q be (-2)/(1 + -3) - -1. Suppose 8*h = 14*h - 1350. Suppose -4*v + f - h = -9*v, q*v + 5*f = 90. What is the tens digit of v?
4
Suppose 1218 = o + 4*u, -54*o + 51*o - 3*u = -3654. Suppose 21*j - 4410 + o = 0. What is the hundreds digit of j?
1
Let p = 27532 - 20125. What is the units digit of p?
7
Suppose -110 = 2*q - 4*o - 2274, -q + 1088 = -5*o. Let v = 2297 - q. What is the thousands digit of v?
1
Suppose 13*p + 12 = -1. What is the tens digit of -4 + (-2100)/(-8 - p)?
9
Let h = -310 + 508. Let i be 22/6*h/24*-4. Let j = 240 + i. What is the units digit of j?
9
Let b be 6/(-10) + 618/30 - 2. Let r(p) = p**2 - 15*p - 12. Let v be r(b). Let u = v - -54. What is the tens digit of u?
9
What is the hundreds digit of ((-18)/(-18)*(74 + -5))/(6/1012)?
6
Let q = -58730 + 89278. What is the units digit of q?
8
Let i(b) = -3*b**3 - 41*b**2 + 3*b + 88. Let t(h) = -4*h**3 - 42*h**2 + 2*h + 87. Let u(o) = 5*i(o) - 4*t(o). What is the tens digit of u(37)?
5
Let w be -2*(-3)/(-9)*-3. Suppose 5*f - w*f - 3293 = 5*n, -4*f + 4376 = -3*n. What is the hundreds digit of f?
0
Suppose 5*m = -3*b + 7, -b - 3*b + 11 = 5*m. Suppose 5*c = -5*l + 4*c + 37, 41 = b*l - 3*c. What is the units digit of ((-178)/l)/(7/(-28))?
9
Let p = -758 + 20319. What is the hundreds digit of p?
5
Suppose 0 = 20*r - 41440 - 203427 - 113673. What is the tens digit of r?
2
Let a(b) = 161*b**2 - 4*b - 3. Let j be a(-1). Suppose j - 1044 = -2*u. What is the tens digit of u?
4
Let y(f) = f**2 + 20*f + 93. Let q be y(-13). What is the hundreds digit of 3*q/12*358?
1
Let k(n) = 108*n**2 - 60*n + 423. What is the thousands digit of k(12)?
5
Let g be 1*1*(-4)/8*0. Suppose j + 2*j + 9 = g. What is the tens digit of (4 + (-7 - 4))*5*j?
0
Let x = 6 + -1. Suppose j = 4*r + 20 + 159, 2*r = -x*j - 95. What is the units digit of r/10*46/(-3)?
9
Let q be (-93)/(-31)*(0 + (3 - 2)). Let b be (-2 + 331)/1 + -1. Suppose y - b = -q*y. What is the units digit of y?
2
Let f(t) = t**3 - 8*t**2 - 8*t - 1. Let v(m) = -26 + 13*m - 4*m - 5*m. Let y be v(9). What is the hundreds digit of f(y)?
1
Suppose 8*c - 27 - 21 = 0. Let s be ((-8)/c)/(40/1020). Let k = s - -122. What is the units digit of k?
8
Suppose -781 = -5*a + 8*t + 2286, -t = -4*a + 2432. What is the hundreds digit of a?
6
Let l = -106 - -142. Let n(j) = -7 + l + 8 - 6*j + 0. What is the units digit of n(6)?
1
Let l(u) = -6*u - 35. Let i be l(-21). Let a = -111 - i. What is the tens digit of (-2)/3 + a/(-6)?
3
Let i be ((-400)/12)/((-3)/(-9)). Let f = 100 + i. Suppose 3*y + 105 = 2*r, 40 = r + y - f*y. What is the tens digit of r?
4
Let d = -100 - -136. What is the units digit of 2*(0 + -165)/((-18)/d)?
0
Let y(z) = 5*z**3 + 6*z**2 - 13*z - 18. Let h(d) = -11*d**3 - 12*d**2 + 25*d + 37. Let t(c) = -2*h(c) - 5*y(c). What is the units digit of t(-9)?
2
Let l = 91 - 85. Let q be (l/4)/(1/(-12)) + -4. Let o = q + 208. What is the units digit of o?
6
Let y = 48 - 48. Suppose -4*u = 4*v + 124, 4*u + 5*v - 52 + 175 = y. Let k = 138 + u. What is the hundreds digit of k?
1
Let n = 8583 + -4596. What is the tens digit of n?
8
Let f(h) = 4*h**2 + 39*h - 10. What is the thousands digit of f(-42)?
5
Let p be 496*(7/(-28))/(3/(-12)). Suppose -53*k + p = -51*k. What is the units digit of k?
8
Let t be (4/(-4))/((-3)/(-6)). Let b(o) = -9*o - 13. Let l be b(t). Suppose -61 = -d - 4*w, 2*d = 7*d - l*w - 255. What is the tens digit of d?
5
Suppose -84436 + 2836 = -32*d. Suppose 0 = -3*x - l + d, 4*x - 5*x = -2*l - 843. What is the units digit of x?
9
Let g = 29187 + -16873. What is the ten thousands digit of g?
1
What is the tens digit of ((-17101)/(-28))/(21/4 + -5)?
4
Let t be 538/(-3) - 27/((-1458)/72). Suppose 0 = x + 7 + 9. Let w = x - t. What is the units digit of w?
2
Suppose -4*g + 9*g - 5*s - 54790 = 0, -54806 = -5*g + s. What is the thousands digit of g?
0
Let x(u) = 23030*u**2 - 504*u + 504. What is the hundreds digit of x(1)?
0
Suppose -u + 4*u = 4*o - 19, 0 = -3*o + 2*u + 14. Suppose l + 2*r - 43 = o*l, -4*l - 5*r = 19. Let t = 43 + l. What is the tens digit of t?
3
Let k(f) = 37*f - 534. What is the thousands digit of k(69)?
2
Suppose 0 = 9*g - 6*g. Suppose g = 75*z - 72*z - 4974. What is the hundreds digit of z?
6
Let r(a) = -7*a**2 - 3*a. Let n(o) = -6*o**2 - 2*o + 1. Let j(f) = -6*n(f) + 5*r(f). Let v be j(6). Suppose -v*d + 9 = -15. What is the units digit of d?
2
Suppose 3*i - 8334 = -r, 18 = -5*i + 8. Suppose -r = 31*a - 37*a. What is the tens digit of a?
9
Let w(j) = j**3 - 17